1069
Let i be 27 + 45/(-15)*(-4)/(-6). Let s be (2*-1 - i)*(-6)/18. List the prime factors of 221/4 - s/36.
5, 11
Let v be 256/(-6) + 22/33. Let g = -57 - v. List the prime factors of ((-18)/g)/(1/30).
2, 3
Suppose -p + 15*a = 17*a - 3983, 0 = -4*p - 2*a + 15908. What are the prime factors of p?
3, 5, 53
Let w(v) = 57*v**2 - 3*v - 12. Suppose -12*k + 12 = -16*k. What are the prime factors of w(k)?
2, 3, 5, 17
Suppose 0 = 4*u - 2*x - 49170, -1055*u = -1057*u + 3*x + 24591. What are the prime factors of u?
3, 17, 241
Let k be 15/(-5) - 7*-1. Suppose 10 = 2*o + k*d, 0 = 3*o - 4*d - 24 + 9. Suppose -o*b - 5 = 0, -2*u - b = -95 - 10. What are the prime factors of u?
53
Let r(c) = 1122*c**3 + c. Suppose 4*z - 19 = 5*u, 5*u = 2*z + 2*u - 11. List the prime factors of r(z).
1123
Suppose 3915 + 1765 = -20*x. Let t = x + 477. What are the prime factors of t?
193
Suppose 34*m - 7*m = 63396. Suppose 4*u - 4690 = 2*o, 6*u = 8*u - 4*o - m. List the prime factors of u.
2, 293
Let h be (-1 - 14/(-6))*(20 - -4). Let r = -29 + h. Suppose 4*g - 417 = -c, -2*g + r*c + 213 = 2*c. List the prime factors of g.
3, 5, 7
Suppose -4*z + 5*r + 1441 + 10027 = 0, -3*z = 2*r - 8624. Suppose -z - 8 = -9*j. What are the prime factors of j?
2, 5
Let j = 164 + -356. List the prime factors of (30/24)/(764/j - -4).
2, 3, 5
Suppose 322*d - 320*d = -2*g + 16822, -16838 = -2*g + 2*d. What are the prime factors of g?
3, 5, 11, 17
Let o be (-10)/45*3*-6. Suppose -440 = o*p - 6*p. List the prime factors of p.
2, 5, 11
Suppose -o - 7706 = -3*o. Suppose -o + 1117 = -6*n. Suppose g + 342 = 4*g - 5*w, 4*g = -4*w + n. List the prime factors of g.
2, 3, 19
Let u(r) = 72*r**2 - 17*r + 61. List the prime factors of u(-6).
5, 19, 29
List the prime factors of (2004/10)/((-111)/(-24420)).
2, 3, 11, 167
Let a be (73 + -4)*(-2)/(-3). Let r = -44 + a. Suppose r*q - 84 = 68. List the prime factors of q.
2, 19
Suppose 63*n - 58*n = 100. Suppose -n*f + 18*f + 1652 = 0. List the prime factors of f.
2, 7, 59
Let z(k) = 8*k**3 - 6*k**2 + 8*k + 4. Let o be z(-4). List the prime factors of o/(-2) - (7 + -1 - 8).
2, 5
What are the prime factors of (-1)/(2/12) - (10 - (-46636)/(-4))?
3, 3881
Let f = -1225 + 11686. List the prime factors of f.
3, 11, 317
Let j be (-4)/12 + 1834/21. Let q = 87 - j. Suppose 13*i - 10*i - 324 = q. What are the prime factors of i?
2, 3
Suppose 3*r + 2*d - 21 = 52, r + 4*d - 21 = 0. Suppose -3*y + 3*x = -15, 3*y - 4*x = x + r. Suppose 7*b - 343 = -y*b. What are the prime factors of b?
7
Let k(i) = -1002*i + 6. Let x be k(1). Let j = x + 1548. List the prime factors of j.
2, 3, 23
Let z = -71 + 69. Let v be (-1)/(((-10)/1455)/z). Let t = -152 - v. What are the prime factors of t?
139
Let p be ((-6)/(-15))/(8/(-20)). Let b(y) = -16*y**3 - 2*y**2 + 1. Let t be b(p). Suppose -5*a - 201 = -4*x, 2*a = -a - t. List the prime factors of x.
2, 11
Let r = 13950 - 7998. Suppose 2140 + r = 7*k. What are the prime factors of k?
2, 17
Let m(l) = 801*l - 1762. What are the prime factors of m(37)?
5, 223
Suppose -3*s + 13 = f, -f + 4 = -3*s + 9. Suppose 4522 = 11*v + s*v. List the prime factors of v.
17, 19
Suppose 3*p = 4*d + 2116, -2*p + 1503 - 104 = -5*d. Suppose 7*s + 187 - p = 0. List the prime factors of s.
3, 5
Suppose 2*t - 6457 = -3*q, 6448 = 2*t - 30*q + 34*q. What are the prime factors of t?
2, 1621
Suppose 0 = 3*o - t - 22790, 5*o - 25*t = -27*t + 38009. List the prime factors of o.
3, 17, 149
Suppose 51*a - 10 = 35*a + 22. Let j(w) = -5*w**3 + 3*w**2 - 5*w - 2. Let v(f) = f. Let o(t) = -j(t) - 5*v(t). What are the prime factors of o(a)?
2, 3, 5
Let y(b) = -870*b - 625. What are the prime factors of y(-35)?
5, 1193
Let j(m) = 26*m - 15. Let c be j(8). Let z = 613 - c. Suppose 0*a + z = 4*a. What are the prime factors of a?
3, 5, 7
Let c(l) = 779*l + 266. What are the prime factors of c(5)?
3, 19, 73
List the prime factors of -3*(-772673)/57*(1 - 0).
11, 3697
Suppose 67 = -4*a + 4*f - 149, -2*a + f = 105. Let y = a + 50. What are the prime factors of ((-40)/(-5))/(y/2*-1)?
2
Let r be -9*(4 - 76/18). List the prime factors of ((32/24)/r)/((-6)/(-1431)).
3, 53
Suppose 4*j = 16, 2*j - 652 = -2*o + 3*j. Let m = o - 130. What are the prime factors of m?
2, 3, 11
Let i = 35846 + -12564. What are the prime factors of i?
2, 7, 1663
Let q = 2295 - -583. What are the prime factors of q?
2, 1439
Suppose 22*y + 321482 - 439346 = 435216. List the prime factors of y.
2, 3, 5, 419
Let o(b) = 576*b + 1723. Let y be o(-3). Let j(z) = 17*z + 1. Let v be j(6). Let r = y + v. List the prime factors of r.
2, 7
Let h(i) be the first derivative of i**4/4 + i**3 - 17*i**2 + 197*i - 318. What are the prime factors of h(11)?
37, 41
Let y be 0 + (3 - (-4 - -7)). Suppose y = 3*x + 9 - 21. What are the prime factors of x/(-30) - (-3842)/15?
2
Let x(z) = 29*z**2 - 3*z + 12. Let d = -38 + 34. Let u be (2 - -3) + -6 - d. List the prime factors of x(u).
2, 3, 11
Suppose -211*g + 1171249 + 5147779 = 0. List the prime factors of g.
2, 7487
Let z = -490 + 492. Suppose 0 = 3*t + 15, -5*l - z*t + 3670 = -5*t. List the prime factors of l.
17, 43
Suppose 789*a - 793*a + 2*p + 37150 = 0, -p = 3*a - 27845. List the prime factors of a.
2, 11, 211
Let m(n) be the third derivative of n**6/60 + n**5/30 - n**4/4 + 7*n**3/6 - 19*n**2. Let c be m(-5). Let f = c - -229. What are the prime factors of f?
2, 3, 11
Let s be -73 - (-1)/1*(-3)/3. Let t = -77 - s. List the prime factors of (-3)/t - (-220 - 2)/2.
2, 7
Let h = 4093 - 7023. What are the prime factors of (h/(-5) + 5)/3?
197
Let d(t) = 7*t**3 - 31*t**2 + 15*t + 42. What are the prime factors of d(18)?
2, 3, 2591
Let j = 316 - 316. Suppose 7*w - 1670 - 1725 = j. What are the prime factors of w?
5, 97
Suppose -14*r = -13*r + 61. Let h = r - -66. Suppose h*w = 2*m + 358, 2*w = -2*w + 3*m + 285. What are the prime factors of w?
2, 3
Let m = -11653 + 21310. Suppose -28*d = -37*d + m. List the prime factors of d.
29, 37
Let a = 14134 + 1458. What are the prime factors of a?
2, 1949
What are the prime factors of (-13 - 208/(-12))*486?
2, 3, 13
Let s be (-2 - -7)/((-1)/(-9)). Let h = s + -45. Suppose -2*v + h*v + 5*d + 37 = 0, 0 = 3*v - 5*d - 58. List the prime factors of v.
3, 7
Suppose 7*c = -26*c - 24*c + 1244937. List the prime factors of c.
21841
Let n(y) = 60*y**3 + 2*y**2 - 10*y - 7. Let g be n(-3). Let p = -917 - g. List the prime factors of p.
2, 331
Let g(u) = 7*u**2 - u. Let f be g(-2). Suppose 0 = 5*w - f + 10. Suppose n + 2*l = 2*n - 134, 3*n + w*l = 362. What are the prime factors of n?
2, 3, 7
Let m(p) = 11*p**2 - 150*p - 333. List the prime factors of m(47).
2, 4229
Let p = -119 - -455. Suppose 2938 = 5*v - 2*n, -p = -2*v - 4*n + 820. List the prime factors of v.
2, 293
Let q = 85 + -43. Suppose 4*u - 4*s + 2*s = q, u - 13 = 3*s. Suppose u*c + 224 = 12*c. List the prime factors of c.
2, 7
Let b be ((-12)/14)/((-10)/3430). Let x = 0 - -5. Suppose -5*o - c - 2*c = -b, x*o - 298 = -c. What are the prime factors of o?
2, 3, 5
Suppose 0 = -38*z - 3627 - 1807. Let m = -58 - z. What are the prime factors of m?
5, 17
Let d be -18*2/15*990/(-27). Let q = d + -67. What are the prime factors of q?
3, 7
Suppose -3*x + 2*v + 11990 = 0, 0 = x - 2*v - 4758 + 760. List the prime factors of x.
2, 3, 37
Suppose -5*k + 5 = -4*k. Suppose -6 - 9 = -k*c. List the prime factors of (-108)/(2 - c) - -4.
2, 7
Let s(o) = o**3 + 28*o**2 - 42*o - 69. Let f(y) = 3*y**3 - y - 6. Let p be f(-2). What are the prime factors of s(p)?
3, 41
Let a = 98089 + -22180. What are the prime factors of a?
3, 25303
Suppose 24*p - 34*p = -50. Suppose p*w - 5*t - 435 - 395 = 0, -478 = -3*w - t. What are the prime factors of w?
7, 23
Let n be ((-84)/18 - -5)/((-2)/(-12)). Suppose 448 = -n*b + 4*b. Let d = -120 + b. What are the prime factors of d?
2, 13
Suppose 5*r = -2*y + 2029, 4*r = 953*y - 956*y + 3033. What are the prime factors of y?
19, 53
Let j be -40*(5 - 0)/5. Let s = j + 254. Let b = s + -137. What are the prime factors of b?
7, 11
Let i(f) = 788*f - 392. What are the prime factors of i(4)?
2, 3, 5, 23
Let r(p) = -361*p**3 + p**2 + 2*p - 1. Let f be r(-1). What are the prime factors of (-2)/10*-15 + -2 + f?
2, 3, 5
Let p = 53963 - 37416. What are the prime factors of p?
16547
Suppose 5 = -3*p - 1. Let o =